a factor of 236398995?
True
Is 3742 a factor of 965558802?
False
Does 1978 divide 21615338?
False
Does 1163 divide 24274136?
True
Is 50855109 a multiple of 51?
True
Is 90 a factor of 3126125442?
False
Is 1197 a factor of 34051059?
True
Is 1567 a factor of 134443899?
True
Is 1017 a factor of 45750762?
True
Is 460926916 a multiple of 34?
True
Is 944234552 a multiple of 3043?
False
Is 122 a factor of 429361066?
True
Is 90 a factor of 365483638?
False
Is 4631 a factor of 274894730?
False
Does 553 divide 47307527?
False
Is 19016647 a multiple of 293?
False
Is 2116 a factor of 275273353?
False
Is 62522988 a multiple of 11?
True
Is 139 a factor of 58687468?
True
Is 18 a factor of 1063532146?
False
Is 513773656 a multiple of 5786?
True
Is 293 a factor of 5666289?
False
Is 14 a factor of 38004642?
False
Is 34861882 a multiple of 22?
True
Is 343 a factor of 112765571?
False
Is 281377656 a multiple of 84?
True
Is 909 a factor of 73965330?
True
Does 246 divide 38796470?
False
Is 2492992740 a multiple of 20?
True
Is 9058512 a multiple of 16?
True
Is 7 a factor of 989204895?
True
Does 15886 divide 5212927356?
True
Is 21977549 a multiple of 9?
False
Is 40018995 a multiple of 27?
True
Does 137 divide 351477623?
False
Is 33444794 a multiple of 15?
False
Is 20938482 a multiple of 185?
False
Is 106 a factor of 65619297?
False
Is 10 a factor of 72149010?
True
Does 16 divide 448975189?
False
Is 305284248 a multiple of 876?
True
Does 2736 divide 11546591?
False
Is 7687 a factor of 1782084897?
True
Is 5247788 a multiple of 2218?
True
Is 2944 a factor of 129876321?
False
Does 3198 divide 1305254106?
True
Does 17 divide 1042240148?
True
Is 36 a factor of 1871466378?
False
Does 16 divide 837383776?
True
Does 9130 divide 1742917000?
True
Is 85 a factor of 22416691?
False
Is 13602869 a multiple of 19?
False
Does 10 divide 44932672?
False
Does 51 divide 3757128989?
False
Does 78 divide 49815090?
True
Is 7 a factor of 1950082925?
True
Does 6134 divide 113190702?
True
Is 352188 a multiple of 81?
True
Is 37 a factor of 433997834?
False
Is 9 a factor of 10230046?
False
Is 2495099503 a multiple of 99?
False
Is 2724473 a multiple of 7?
False
Is 38973123 a multiple of 1197?
True
Is 486 a factor of 3312759785?
False
Is 3293 a factor of 157461650?
False
Is 725256 a multiple of 12?
True
Does 180 divide 87510060?
True
Is 44399121 a multiple of 17?
True
Is 58 a factor of 164489401?
False
Is 486294782 a multiple of 80?
False
Is 235 a factor of 19647880?
True
Is 1553920510 a multiple of 38?
True
Does 145 divide 121113867?
False
Does 552 divide 48329058?
False
Does 1036 divide 750139245?
False
Is 13346904 a multiple of 57?
False
Does 29 divide 7500243?
False
Is 21926835 a multiple of 42?
False
Does 1170 divide 217205500?
False
Is 108219560 a multiple of 2180?
True
Does 871 divide 8563471?
False
Is 249 a factor of 37463328?
False
Is 428214861 a multiple of 12?
False
Is 2776732242 a multiple of 32?
False
Is 497 a factor of 197915837?
True
Is 7 a factor of 63977865?
True
Is 870 a factor of 63315120?
True
Is 4 a factor of 51493159?
False
Is 340 a factor of 3661460?
True
Does 45 divide 3781196?
False
Is 5980288488 a multiple of 352?
False
Does 11 divide 144331536?
False
Does 95 divide 8706940?
True
Does 32 divide 704113440?
True
Does 31 divide 102682850?
True
Does 10 divide 5608954?
False
Does 183 divide 36849271?
False
Is 1653728083 a multiple of 7195?
False
Is 80 a factor of 90724960?
True
Is 135809060 a multiple of 347?
False
Is 1323 a factor of 50469804?
True
Is 917102250 a multiple of 207?
False
Is 1452670593 a multiple of 19?
True
Is 957 a factor of 16665016?
False
Does 26 divide 6957634?
False
Does 101 divide 2569358163?
False
Is 495 a factor of 53832197?
False
Is 280258812 a multiple of 27?
True
Is 111 a factor of 924648759?
True
Is 277245318 a multiple of 21?
True
Does 546 divide 2263186686?
False
Is 605453647 a multiple of 350?
False
Does 216 divide 3117263832?
True
Is 5 a factor of 2353515?
True
Is 2 a factor of 14087599?
False
Is 105484136 a multiple of 1568?
False
Is 268683728 a multiple of 990?
False
Is 928285790 a multiple of 25?
False
Is 581 a factor of 1173631715?
False
Is 270632954 a multiple of 18?
False
Is 380 a factor of 215441830?
False
Does 1459 divide 2571823070?
True
Is 6 a factor of 24442584?
True
Is 2676578678 a multiple of 985?
False
Is 481075389 a multiple of 3?
True
Does 184 divide 65560929?
False
Is 22 a factor of 172235838?
False
Is 133 a factor of 7898591?
False
Does 11 divide 23401598?
True
Is 31 a factor of 100564119?
False
Is 1288 a factor of 75342848?
True
Is 134 a factor of 71651999?
False
Does 148 divide 1327526848?
True
Is 301 a factor of 4498491655?
True
Is 80 a factor of 321818320?
True
Is 197455547 a multiple of 78?
False
Does 398 divide 917217010?
False
Is 25 a factor of 43373750?
True
Is 34232607 a multiple of 605?
False
Does 112 divide 34978272?
True
Is 126 a factor of 10218560?
False
Is 9416590 a multiple of 39?
False
Does 99 divide 407769813?
True
Is 8083584 a multiple of 192?
True
Is 323738032 a multiple of 16?
True
Is 265 a factor of 381388795?
True
Does 353 divide 17112841?
False
Is 879 a factor of 5750418?
True
Is 1904 a factor of 1012362512?
True
Is 101876775 a multiple of 105?
True
Is 737 a factor of 52535571?
True
Is 80913090 a multiple of 2259?
False
Is 716684508 a multiple of 3841?
True
Does 35 divide 58247818?
False
Is 689 a factor of 66794416?
True
Is 5 a factor of 182073640?
True
Is 867902428 a multiple of 34?
True
Does 62 divide 481266782?
False
Does 3 divide 14787852?
True
Is 1009098889 a multiple of 9341?
True
Does 124 divide 145524540?
True
Does 208 divide 5741181?
False
Is 507 a factor of 959041946?
False
Does 3 divide 50277236?
False
Is 18 a factor of 10922632?
False
Is 2850 a factor of 1693022550?
True
Is 314 a factor of 144314400?
True
Is 10704399 a multiple of 2?
False
Is 42261804 a multiple of 117?
True
Is 12 a factor of 299303213?
False
Is 188 a factor of 566950284?
True
Does 133 divide 2689526?
True
Is 135051792 a multiple of 16?
True
Is 614218080 a multiple of 7757?
False
Is 3 a factor of 134135575?
False
Is 118 a factor of 15228372?
True
Does 4369 divide 3125036475?
True
Is 1764 a factor of 363106325?
False
Is 217 a factor of 440847435?
True
Does 6 divide 1060626?
True
Does 1706 divide 73027036?
True
Does 315 divide 13152896?
False
Is 4026837 a multiple of 3?
True
Is 6653075 a multiple of 143?
True
Does 79 divide 14064575?
False
Is 228 a factor of 521461926?
False
Is 59 a factor of 38940590?
True
Does 3078 divide 811192947?
False
Is 51 a factor of 22853049?
True
Is 9 a factor of 28125882?
True
Does 1555 divide 411221624?
False
Is 134712362 a multiple of 16?
False
Is 52 a factor of 240622980?
True
Is 2282 a factor of 3507434?
True
Is 79071440 a multiple of 7?
True
Is 19751507 a multiple of 1417?
False
Is 36958403 a multiple of 469?
False
Does 204 divide 2085295630?
False
Does 1515 divide 286080480?
True
Is 35147925 a multiple of 5?
True
Is 13 a factor of 97514547?
True
Does 1425 divide 170924475?
True
Does 3 divide 5655666?
True
Is 2169 a factor of 477570420?
True
Is 237 a factor of 378406287?
True
Does 23 divide 634771641?
True
Does 167 divide 824031774?
True
Does 2 divide 19121917?
False
Is 416 a factor of 37636262?
False
Does 16 divide 109193937?
False
Does 5394 divide 220733061?
False
Does 33 divide 308812218?
True
Does 2874 divide 1014648918?
False
Is 12 a factor of 2163495300?
True
Is 21 a factor of 1321866?
True
Is 14 a factor of 18156488?
True
Does 1672 divide 718015320?
True
Is 58136998 a multiple of 36?
False
Does 27 divide 75389472?
False
Does 384 divide 131285760?
True
Is 46081808 a multiple of 526?
True
Does 31 divide 10953215?
False
Does 187 divide 702745065?
True
Is 179347509 a multiple of 63?
False
Does 50 divide 7766056639?
False
Is 39752246 a multiple of 18?
False
Does 15 divide 1209314460?
True
Is 3951812 a multiple of 3?
False
Is 1889 a factor of 1024810835?
True
Does 8 divide 1630713096?
True
Is 5 a factor of 684420905?
True
Is 971058160 a multiple of 80?
True
Does 21 divide 6634737228?
True
Is 125 a factor of 50079363?
False
Is 13 a factor of 125287799?
True
Does 16 divide 3035913952?
True
Is 3396 a factor of 211594572?
True
Is 1295386814 a multiple of 211?
True
Does 935 divide 226205485?
True